{"id":2,"date":"2016-06-02T14:28:09","date_gmt":"2016-06-02T14:28:09","guid":{"rendered":"http:\/\/localhost\/wordpress\/?page_id=2"},"modified":"2020-05-07T14:37:47","modified_gmt":"2020-05-07T12:37:47","slug":"sample-page","status":"publish","type":"page","link":"https:\/\/www.jacques-rougemont.ch\/","title":{"rendered":"Home-fr"},"content":{"rendered":"<p>Bienvenue sur mon site personnel. Il est divis\u00e9 en trois parties: mes <a href=\"http:\/\/www.jacques-rougemont.ch\/?page_id=12\">activit\u00e9s scientifiques<\/a>, mes <a href=\"http:\/\/www.jacques-rougemont.ch\/?page_id=17\">activit\u00e9s musicales<\/a> et mes r\u00e9flexions scientifiques sur la musique, sous la forme <a href=\"http:\/\/www.jacques-rougemont.ch\/?page_id=54\">d&#8217;un blog<\/a>.<\/p>\n\n\n<h4><a href=\"http:\/\/www.jacques-rougemont.ch\/?page_id=235\">Table des mati\u00e8res du blog<\/a><\/h4>\n\n\n\n<h4>Entr\u00e9es r\u00e9centes:<\/h4>\n\n\n<ul class=\"wp-block-latest-posts__list has-dates wp-block-latest-posts\"><li><a href=\"https:\/\/www.jacques-rougemont.ch\/?p=635&#038;lang=en\">References<\/a><time datetime=\"2021-01-15T15:24:22+01:00\" class=\"wp-block-latest-posts__post-date\">January 15, 2021<\/time><\/li>\n<li><a href=\"https:\/\/www.jacques-rougemont.ch\/?p=625&#038;lang=en\">The harmonic series<\/a><time datetime=\"2021-01-14T17:09:02+01:00\" class=\"wp-block-latest-posts__post-date\">January 14, 2021<\/time><\/li>\n<li><a href=\"https:\/\/www.jacques-rougemont.ch\/?p=487\">Bibliographie<\/a><time datetime=\"2021-01-14T11:59:10+01:00\" class=\"wp-block-latest-posts__post-date\">January 14, 2021<\/time><\/li>\n<\/ul>","protected":false},"excerpt":{"rendered":"<p>Bienvenue sur mon site personnel. Il est divis\u00e9 en trois parties: mes activit\u00e9s scientifiques, mes activit\u00e9s musicales et mes r\u00e9flexions scientifiques sur la musique, sous la forme d&#8217;un blog. Table des mati\u00e8res du blog Entr\u00e9es r\u00e9centes:<\/p>\n","protected":false},"author":1,"featured_media":0,"parent":0,"menu_order":0,"comment_status":"closed","ping_status":"open","template":"","meta":[],"_links":{"self":[{"href":"https:\/\/www.jacques-rougemont.ch\/index.php?rest_route=\/wp\/v2\/pages\/2"}],"collection":[{"href":"https:\/\/www.jacques-rougemont.ch\/index.php?rest_route=\/wp\/v2\/pages"}],"about":[{"href":"https:\/\/www.jacques-rougemont.ch\/index.php?rest_route=\/wp\/v2\/types\/page"}],"author":[{"embeddable":true,"href":"https:\/\/www.jacques-rougemont.ch\/index.php?rest_route=\/wp\/v2\/users\/1"}],"replies":[{"embeddable":true,"href":"https:\/\/www.jacques-rougemont.ch\/index.php?rest_route=%2Fwp%2Fv2%2Fcomments&post=2"}],"version-history":[{"count":12,"href":"https:\/\/www.jacques-rougemont.ch\/index.php?rest_route=\/wp\/v2\/pages\/2\/revisions"}],"predecessor-version":[{"id":485,"href":"https:\/\/www.jacques-rougemont.ch\/index.php?rest_route=\/wp\/v2\/pages\/2\/revisions\/485"}],"wp:attachment":[{"href":"https:\/\/www.jacques-rougemont.ch\/index.php?rest_route=%2Fwp%2Fv2%2Fmedia&parent=2"}],"curies":[{"name":"wp","href":"https:\/\/api.w.org\/{rel}","templated":true}]}}